p be a(2). Give z(p).
-6
Let k(m) be the third derivative of -m**5/60 + 5*m**4/24 + 5*m**2. Suppose -11*i = 8*i + 114. Let n = 12 + i. Calculate k(n).
-6
Suppose 107*g + 24 = 666. Let m(r) = 12*r - 9. What is m(g)?
63
Let p be (8/(-4) - 0) + -1. Let m(o) = -o**3 + 9*o**2 - 2*o - 2. Let d be m(7). Let n(b) = 2*b**3 + 4*b**2 - d + 83 + 3*b - b. Determine n(p).
-23
Let w(l) = -l**3 - 7*l**2 - 6. Suppose -9*d = -852 - 1812. Suppose d - 254 = -6*n. Determine w(n).
-6
Let d(z) = -9*z**2 - 8*z**2 + 84 + 25*z + 20*z**2 + 16*z - 2*z**2. Calculate d(-39).
6
Suppose -3*a = -a - 3*a. Let h(x) = x - 5. Let j(y) = 2 + 2 - 506*y + 504*y + 0. Let r(p) = 3*h(p) + 2*j(p). Determine r(a).
-7
Let t(r) be the third derivative of r**4/8 + 3*r**3/2 + 2*r**2. Suppose 0 = 99*d + 96*d - 17203 + 18373. Calculate t(d).
-9
Let c(g) = 2*g + 94. Let n be c(-11). Let k = 73 - n. Let l(w) be the third derivative of w**6/12 - w**5/60 + w**4/24 - w**3/6 + 2*w**2. What is l(k)?
9
Suppose h + 3*b + 12 = 0, 3*h + b + 0*b = -4. Let s(v) = 0 + h - 7*v - 4. Let a be ((-12)/(-10))/((-68)/(-170)). Determine s(a).
-25
Let q(d) = d**2 - 4*d - 2. Let u(g) = 3*g + 9. Let t be u(-2). Let j(p) = -t - 7 - 6 - 3 - p. Let w be j(-23). Give q(w).
-2
Let s(g) = 4*g**2 - 5*g + 1. Let d(v) = v**2. Let n(h) = -3*d(h) + s(h). Let k(a) = -790*a + 10276. Let t be k(13). Determine n(t).
7
Let d(u) be the second derivative of u**6/720 - u**5/60 + u**4/6 - 5*u**3/3 + 68*u. Let z(l) be the third derivative of d(l). Determine z(-7).
-9
Let q(d) = d**3 + 9*d**2 + 8*d + 16. Suppose 62*a + 199 + 348 = 51. Calculate q(a).
16
Let i be (1254/12)/(-11)*10. Let p be 0 + (-21)/(i/92 - -1). Let v(n) = 644 - p - 21*n. What is v(-1)?
21
Let y(a) = 2*a + 131 + 98 - 5*a + 6*a + 9*a. Determine y(-19).
1
Let f(p) = p**3 - 3*p**2 + p. Let i = 7111 + -7109. Determine f(i).
-2
Let g(y) be the first derivative of y**5/20 - y**4/3 + y**3/6 + y**2 - 105*y + 183. Let o(l) be the first derivative of g(l). What is o(3)?
-4
Suppose 0 = -3*q + 3*w + 12, 2*q + 2*w + 14 = 7*q. Let l(x) = q*x - 3*x - 4 + 6 - 4. Suppose -12 = -0*y + 3*y. Calculate l(y).
2
Suppose -5*x = 5*r - 5, 8*x - 4*r + 22 = 3*x. Let u be 2/x - (22 - 21). Let c(w) = -2*w**3 + 2*w**2 + w + 2. Determine c(u).
24
Let r = 169 + -164. Let a(c) = 339 - r*c**2 + 21*c + 4*c**3 - 338 - 7*c - 5*c**3. Calculate a(-7).
1
Let v(l) be the second derivative of -2*l**3 + 33*l**2 - 198*l - 2. Calculate v(5).
6
Let t(s) = -56*s + 398. Suppose 2*v = 3*h - 4 - 15, h + 2*v - 9 = 0. Determine t(h).
6
Let d(m) = m**3 + 3*m**2 - m + 3. Let l be d(-3). Let c(u) = 5*u**2 + 6*u - 72. Let t(p) = 9*p**2 + 12*p - 133. Let v(n) = -11*c(n) + 6*t(n). What is v(l)?
-6
Let f = 846 + -493. Let o(x) = 357*x + 0*x**2 - 6*x**2 - x**3 - 2 - f*x. Determine o(-7).
19
Let g(h) = -h**2 - h - 6. Let v(f) = -f**2 + 10*f + 24. Let t be v(12). Suppose t = -i - 11*i. Give g(i).
-6
Let c(q) = -q**2 + 9*q + 78. Suppose 3*r - 48 = j, 203*r - 205*r + 2*j = -36. Give c(r).
-12
Let l = 271 + -268. Suppose 4*o + 4*n - 1 = l*n, 3 = -o + 3*n. Let s(g) = g**2 + 19. Give s(o).
19
Let l(b) = 4*b + 4. Let a be 180/20 + 1*-13. What is l(a)?
-12
Let r(v) be the third derivative of -3*v**4/8 + 23*v**3/3 + 101*v**2 - 1. Determine r(5).
1
Let w(z) = -3*z**2 + 16*z - 2. Let o = 5287 - 5282. What is w(o)?
3
Let o = -6171 + 6161. Let t(b) = 20*b + 169. Calculate t(o).
-31
Let o(g) = 8*g - 41. Let y be o(9). Suppose -l + 120 = -y*l. Let z(k) = -k**3 + 5*k. What is z(l)?
44
Let y(l) = l**2 + 7*l + 3. Suppose 7 = -6*f + 19. Let b be (12/(-10))/(f/20). Let n(x) = -3*x - 40. Let u be n(b). Determine y(u).
-9
Let d(x) = 8*x**3 - 19*x**2 - 12*x + 2. Let p(h) = -3*h**3 + 9*h**2 + 7*h. Let a(n) = 2*d(n) + 5*p(n). Suppose -2*m + 4 + 2 = 0, 3*q = 2*m - 18. Determine a(q).
8
Let u(x) = 153*x - 74. Let q(h) = 110*h - 71. Let k(j) = -4*q(j) + 3*u(j). Give k(-3).
5
Let z be 16/8 - (0 - 0). Let x(y) = 6*y - 20*y**z + 9*y**2 + 4*y**2 + 8*y**2. Let p be (-60)/(-570) - 194/38. What is x(p)?
-5
Let b(s) = -s**3 + 12*s**2 - 2*s - 5. Let p(i) = -2*i**3 + 7*i**2 - i - 2. Let h(z) = -b(z) + p(z). Let u(m) = -m**2 - 7*m - 5. Let n be u(-7). Calculate h(n).
-2
Let h(y) be the first derivative of -y**5/30 + 7*y**4/24 + 5*y**3/6 + y**2/2 - y + 72. Let w(a) be the second derivative of h(a). Determine w(6).
-25
Let k(m) = -17*m**3 + 5*m**2 + 4*m + 2. Let h = -185 - -188. Let d(l) = -13*l**3 + 5*l**2 + 3*l + 3. Let v(n) = h*k(n) - 4*d(n). Give v(5).
-6
Let p(n) be the second derivative of 0 + 52*n + 1/6*n**3 + 7/2*n**2. Let f = -19 - -14. Determine p(f).
2
Let w(n) = 27*n**2 - 29*n - 24. Let s(t) = 44*t**2 - 59*t - 49. Let b(q) = 3*s(q) - 5*w(q). Determine b(-9).
18
Let r(t) = -t**2 - 21*t + 134. Let n be r(-26). Let q(l) = 13 + 29*l - 17*l - n - 26 + l**3 + 14*l**2. Calculate q(-13).
-4
Suppose -13*t = 18*t - 50*t. Let n be (-9)/6*(-16)/12. Let l(q) = 5*q**2 - 4*q - 8 + 4*q - 4*q**n. What is l(t)?
-8
Let b(w) = 2*w + 7. Let p(r) = -20*r - 64. Suppose 24 + 27 = 17*n. Let i(t) = n*p(t) + 28*b(t). Give i(-2).
12
Let v = -137 - -140. Suppose s + 1 = -0*s + 2*h, v*s = h + 12. Let i be -3 + 9/(-15)*1*s. Let b(t) = t**3 + 7*t**2 + 6*t - 1. Give b(i).
-1
Let w(g) = 2*g. Let b(k) be the third derivative of k**4/6 + k**3/6 - 2*k**2 - 49*k. Let t(j) = 3*b(j) - 7*w(j). Determine t(-6).
15
Let p(m) = -m - 2. Let r be p(3). Let j(h) = 6*h + 1. Let i(f) be the first derivative of -13*f**2/2 - f - 9. Let d(v) = -4*i(v) - 9*j(v). What is d(r)?
5
Let l(m) = -138*m**2 - 2 + 39*m**2 + 4*m + 103*m**2. Determine l(-2).
6
Let l(n) = n - 2. Let g = 76 + -79. Let d be (11/33 - (-4)/6)*g. What is l(d)?
-5
Let f(b) = 2*b**3 + 616 - 93*b**2 - 2*b - 711 + 92*b**2 - 3*b**3. Determine f(0).
-95
Let l(b) = 12*b + 204. Let i(g) = -5*g - 68. Let p(k) = 8*i(k) + 3*l(k). Calculate p(13).
16
Suppose 3*z + 54 - 136 = -4*k, -4*z = 4*k - 100. Let y(w) be the first derivative of w**2/2 - 19*w - 3. Give y(z).
-1
Let k(t) = 15*t + 57. Suppose 24 = -d + 5*n, 2*d = -4*n + 13 - 5. Let b be k(d). Let r(m) = -m**3 + m - 3. Determine r(b).
21
Let a = 8183 + -8175. Let i(m) = 15*m - 14. Determine i(a).
106
Let o(q) = -8*q - 5*q - 188 + 9*q - 5*q. Let u be o(-22). Let w(h) = -h**3 + 10*h**2 - 2*h - 4. Give w(u).
-24
Let w(a) = a - 10. Suppose -5*k + 4 + 16 = -5*l, -5*l - 3*k - 52 = 0. Let s be 32/(l - -6) - -5. What is w(s)?
-21
Let a(x) = 36*x - 228. Let g(j) = -56*j + 342. Let d(r) = -8*a(r) - 5*g(r). Let b be d(14). Let t(q) = -q**3 - q**2 + q. Determine t(b).
-10
Suppose 0 = -12*c - 9*c. Suppose c = 5*d - 2*d - 27. Let s(j) = d*j - 10 - j - 8*j - j. Determine s(-7).
-3
Let g(r) = 1007*r - 501*r - 492*r - 53. Determine g(6).
31
Let g(k) = k**3 - 5*k**2 + 4*k + 5. Let v be ((-35)/(-3) - 1)*(-21)/(-14). Suppose c - v = -4*m, m - 5 = c - 1. Give g(m).
5
Let n(d) be the first derivative of 1/2*d**2 - 8*d + 108. Suppose 0 = 4*u - 3*q - 13, -q + 22 = 5*u - 18. What is n(u)?
-1
Let u(f) = -f**2 + 9*f - 16. Suppose -4*q = 5*w + 207, -q - 7*w - 45 = -8*w. Let g be 112/q*(0 - 3). Determine u(g).
-2
Let v(m) be the first derivative of m**3/3 + 3*m**2/2 - m - 5. Suppose 0 = 4*x + 5*l - 97, 2*l + 8 = -4*x + 5*x. Suppose -11*k = -2*k - x. Calculate v(k).
9
Suppose 108*u + 33*u - 104 = 37*u. Let i(m) = 10*m + 8. Determine i(u).
18
Let k = 277 + -268. Let i(o) = -7*o**2 + 8*o + 3. Let f(x) = -4*x**2 + 5*x + 1. Let s(j) = k*f(j) - 5*i(j). Determine s(5).
-6
Let o(g) = 3*g**2 + 16*g + 3004 - 5977 - 2*g**2 + 3010. What is o(-13)?
-2
Let x(g) = -4*g - 17. Suppose 214 - 1039 - 85 = 70*l. Give x(l).
35
Let y(a) be the second derivative of a**7/840 - a**6/360 + a**5/120 - 7*a**4/24 - 10*a**3 + a + 10. Let w(k) be the second derivative of y(k). Calculate w(0).
-7
Let c(i) = -3*i**3 - 5*i**2 + 4*i + 5. Let n(t) = t**3 - t**2 + t - 1. Let b(j) = -c(j) - 4*n(j). Determine b(6).
59
Let o(t) = -t**2 + 15*t + 6. Let n be o(15). Suppose 3*x + 0 = 9. Let c(d) = 0*d - x + 4*d - 2 - 2*d. Calculate c(n).
7
Let d(t) = 4*t**2 + 23*t - 9. Let v(l) = 17*l**2 + 106*l - 36. Let k(n) = -26*d(n) + 6*v(n). What is k(19)?
18
Suppose -2*n = 108*n + 330. Let v(k) = k**3 + 4*k**2 + 2*k + 2. Give v(n).
5
Let j(w) = w**3 - 20*w**2 + 20*w - 23. Suppose -183*r + 2375 = -58*r. What is j(r)?
-4
Let r(n) be the second derivative of -n**8/6720 - n**7/280 - n**6/